2).
-5
Evaluate (2 - 10) + (-18 - -24).
-2
What is -7 + 5 + -1 + (-1 - 0)?
-4
Evaluate (-2 - 0) + (1 + -4 - 0).
-5
Evaluate -2 + (-1 - 0 - 2) - 0.
-5
What is 1 + 6 + -2 + (-2 - -1)?
4
Calculate -2 + 5 - 7 - (-5 + -7).
8
Evaluate 3 + (4 - (-1 + 7) - -8).
9
Calculate -3 + (14 - (7 + 6)).
-2
Evaluate (1 + -1 - 0 - 2) + -3.
-5
Evaluate 5 + (2 - (-2 + 8)) + -1.
0
Calculate 3 + -1 + -3 + 4.
3
What is the value of -7 + 7 + (-2 - 0 - -7)?
5
Evaluate 0 - 2 - -6 - 8.
-4
4 + -5 + 3 + (-4 - -2)
0
Evaluate -3 - (1 + (6 - 5) + -5).
0
What is -4 - ((-4 - 1) + -2 + 3)?
0
What is the value of -1 - (6 + -11 + -1)?
5
What is (-8 - (-14 - -4)) + 5?
7
Evaluate (9 - (-10 + 10)) + -5.
4
Calculate 0 - ((5 - 0) + -2).
-3
What is the value of 3 - 5 - (-2 - 6 - -4)?
2
Calculate 4 - (-3 - (-9 - -1)).
-1
What is the value of 1 + 5 + (4 - 12)?
-2
Evaluate 15 + -14 + 1 + -2.
0
Evaluate -22 + 20 - (-3 + 0).
1
1 + 1 - (-3 - (1 + -5))
1
Calculate (3 - (-7 + -2 + 6)) + -8.
-2
Evaluate (-4 - -2) + 0 + 55 + -57.
-4
What is 4 - 3 - 3 - (4 - 5)?
-1
Evaluate -11 + -1 + 7 - (-3 + 1).
-3
What is 4 + (-2 + -3 - -2 - -4)?
5
What is the value of 8 + -1 + (-6 - -7) + -2?
6
What is the value of (-2 - -4) + (2 - -2) + -5?
1
Evaluate 3 - -1 - 7 - -2.
-1
Evaluate -2 - (1 + (-5 - -3) + -4).
3
Evaluate 0 + (7 + -7 - 4).
-4
6 + (2 - 6) - -1 - -1
4
What is -11 + (-3 - -8) + (-4 - -1)?
-9
Calculate -11 + 0 + -3 + 12.
-2
What is the value of 1 + 0 + 4 + 6 + -8?
3
What is (13 - 19) + (-1 - 0 - -1)?
-6
What is 13 + -6 + -3 + 5 + -4?
5
Evaluate -1 + (10 - (5 - 3 - -1)).
6
1 - (-1 + 4) - (1 + 1)
-4
Calculate -3 + 4 + -1 - 1.
-1
Evaluate -2 - -7 - (22 + -14).
-3
What is the value of (2 - (-5 + -2)) + -4?
5
Calculate 9 - ((0 - 1) + 8).
2
Evaluate (-21 - -21) + (-1 + -1 - -1).
-1
Evaluate -3 + 3 + (-5 - -6) + -4.
-3
(1 - -3) + -60 + 57
1
What is (2 - (5 - 5)) + 6 + -4?
4
Calculate -2 + 3 + -4 + (12 - 15).
-6
Calculate -6 + (-7 + 13 - -3).
3
-2 - (7 - 4) - -7 - 1
1
What is the value of 11 - (2 + 0 + 6)?
3
What is 2 - (-4 + 0) - (-19 - -22)?
3
Calculate (3 - (2 + 0)) + 1 + 3.
5
8 + (-4 - 1 - (-2 + -2))
7
Calculate 0 + (1 + 4 - -3).
8
Evaluate 3 - ((1 - -4) + -4).
2
-9 + -1 + -3 + 17
4
What is the value of 33 + -29 + (1 - 8)?
-3
Evaluate (-2 - (-4 + 6)) + -1.
-5
What is the value of 0 - (4 + -8 + 2)?
2
5 + (-5 - (2 - 4))
2
What is 8 + -14 - -1 - -6?
1
(6 - 8 - -9) + -2
5
Evaluate -13 + 7 + -3 + (-5 - -12).
-2
Evaluate -6 + (-2 - -2) + 2.
-4
Calculate 13 - 16 - ((4 - 0) + -14).
7
What is the value of 2 + 4 - (15 - 11)?
2
What is the value of 1 - (-5 + 0 + 1)?
5
Evaluate 4 - ((0 - -1) + 1 + 1).
1
Calculate -6 + -2 + 4 - (-5 - -1).
0
What is -3 - (-3 - 0) - 6?
-6
What is the value of -12 + 6 - (-8 - -1)?
1
Calculate 24 + -26 - ((3 - -1) + 4).
-10
Calculate 131 + -141 + 9 + 0.
-1
1 + (-8 - -9) + -11
-9
What is the value of 0 - (-6 + 2 - -8)?
-4
Calculate -5 + (7 - 5) + -8 + 5.
-6
Evaluate -3 + -3 + 3 + (96 - 86).
7
What is -3 + 4 - (0 - 2)?
3
Calculate -7 + 9 - (-2 - -2).
2
Evaluate 2 - 0 - (-2 - -1).
3
What is -2 + (-2 - (2 - 1))?
-5
Calculate (-7 + 2 - 0) + 8.
3
What is the value of -1 + (-6 - -11) + -6 + -4?
-6
What is -1 + 1 + 1 - 3?
-2
What is -3 + (-6 - -7 - -2)?
0
What is the value of 4 + (-1 + 1 + -4 - 4)?
-4
What is the value of 2 + 6 + -12 - (1 + 0)?
-5
What is the value of 1 + (9 - 5) + -8?
-3
Calculate 2 + (2 - (-3 + 5) - 2).
0
Calculate 0 - (-5 + 14 + -5 + 1).
-5
Evaluate 5 + (-3 - -4) + -6.
0
Calculate -4 - (7 + -1 + -9).
-1
Evaluate -3 - (6 - 0) - -4.
-5
What is 26 + -26 - (0 - 3)?
3
Evaluate 2 + -2 + (-3 - (-2 + 0)).
-1
Calculate 5 - 6 - (-2 - 1).
2
Evaluate 5 - (3 + 4) - 2.
-4
What is the value of -5 + 1 + 2 - -6?
4
Evaluate 0 - (0 - 0 - (9 + -12)).
-3
What is the value of 6 + 0 + -9 + 6?
3
What is -8 - (0 + -6) - (-5 + -1)?
4
Evaluate 7 + -2 - (-14 + 24).
-5
What is -5 - -2 - -1 - (-6 + -3)?
7
What is the value of (2 - 10 - -2) + 32 + -21?
5
Evaluate (-14 + 9 - -6) + (-1 - -2).
2
What is the value of 9 - 1 - (-44 + 54)?
-2
Calculate 3 + 1 - (-1 - (1 + -1)).
5
Calculate 3 + (10 - (5 + 13)).
-5
What is the value of -3 + -2 + -15 + 19?
-1
52 - 53 - (-1 - -1)
-1
Calculate -2 + (-6 - 0) + 3 + 16.
11
What is 4 + (-6 + 1 - -1) + 2?
2
-3 + 3 + 0 + -1
-1
Evaluate -7 - -3 - (-3 - 0).
-1
Evaluate (-6 - 0) + -16 + (16 - -5).
-1
Calculate -7 - (-6 - (3 - 8)).
-6
What is the value of 1 - 0 - (-1 + 8)?
-6
What is 4 - 3 - 6 - (0 + -11)?
6
What is the value of -5 - (3 - 5) - (2 - 5)?
0
0 + -1 + (1 - 1) + 2
1
What is the value of -1 + -2 + -1 + -4 + 7?
-1
What is the value of 5 + -5 + 2 + -2?
0
What is the value of 2 - (-6 - -11) - -6?
3
Calculate (-8 - -13 - 4) + (9 - 1).
9
(3 - (-3 - -1)) + -8
-3
Evaluate -6 - (3 - 6 - 0) - -5.
2
What is 4 - (2 + (-2 - -3))?
1
Evaluate (-6 - -1) + 2 + 1.
-2
What is the value of 1 - ((-8 - -9) + -2 + 2)?
0
Evaluate -3 - (5 - (4 + 0)).
-4
What is (-4 - 0) + (31 - 27)?
0
Calculate -4 - (-6 - (5 - (-5 + 14))).
-2
Evaluate -1 - (2 - 6 - (-6 - -3)).
0
-23 + 22 - (-6 - 0) - 5
0
Evaluate -1 + -3 + 6 + -5.
-3
What is 5 - (8 + (5 - 5))?
-3
Calculate 3 + 0 + (-6 - 3) - -3.
-3
Evaluate 37 + -37 - ((5 - -1) + -2).
-4
Evaluate -11 + 5 + 7 + 2 - 5.
-2
What is (1 - (-1 - -4)) + 6?
4
-19 + 23 - (3 - -2)
-1
Calculate (-8 - -1) + (-14 - -17) - -7.
3
Evaluate (-16 + 0 - -12) + 6 + 0.
2
((-1 - -10) + -4 - 6) + -5
-6
Calculate 2 + -5 + -5 + 2.
-6
What is the value of 10 - 14 - (7 - 14)?
3
Evaluate 4 - (8 - (4 - (1 - 2))).
1
Evaluate -1 - ((1 - (5 + -6)) + -6).
3
What is the value of 6 + 5 + (-3 - 3) + 4?
9
What is the value of (0 - 1) + (-1 - -6)?
4
Evaluate -7 + 12 + -7 + -3.
-5
What is -15 + 10 + (-1 - 0 - -5)?
-1
(3 - (-1 + 5 + -6)) + -7
-2
4 + -6 + (2 + -3 - 3)
-6
What is the value of -8 + 3 - (-1 - 3)?
-1
Evaluate -5 - -6 - (-9 - -5).
5
Evaluate 1 + -1 + (168 - 164).
4
2 - (7 + 0 + -13)
8
What is the value of 0 - 0 - (3 - 4)?
1
What is the value of -4 + 8 + -3 + 0 - 2?
-1
Evaluate (-9 - (-3 + 0)) + 1.
-5
What is the value of -4 + -1 - (-18 + (-16 - -26))?
3
-12 + 8 + (2 - -2)
0
Evaluate -1 + (6 - (0 + 3)).
2
Evaluate 3 + -13 + 9 - 4.
-5
What is -2 + 3 - -3 - 4 - -1?
1
What is -5 + (6 - 10) + 7?
-2
What is the value of -1 + 1 + 2 + -20 + 17?
-1
What is the value of -15 - (-23 + (3 - 0))?
5
0 + 7 - (8 + -4 + 2)
1
0 - (-3 + 10 - 7)
0
What is the value of 3 - (3 + -8 - -3) - 5?
0
What is -10 + (-2 - -3) + 4?
-5
Calculate 2 + -3 + (-1 - 1).
-3
0 + 3 - (-1 - 2) - 3
3
Evaluate 8 + 6 + -8 + -4 - 7.
-5
Calculate 4 + (4 + 0 + -7 - 2).
-1
Calculate (8 - 9 - 10) + 8.
-3
(-1 - 4) + 5 - 1
-1
Calculate -3 + (3 - 6) + 2.
-4
Evaluate -7 + 0 + 1 + (-1 - -14).
7
(-14 - (-6 - -1 - 3)) + 7
1
What is 0 - (3 - 1) - (1 - 10)?
7
Evaluate -25 - -12 - -11 - -7.
5
Calculate 1 + 6 + 6 + -2 + -7.
4
Calculate 91 - 92 - (-1 - -1).
-1
-6 - (6 - 6 - 2)
-4
Calculate (-9 - 6) + (8 - -15).
8
Calculate 2 + 0 - (17 + -10).
-5
Evaluate 0 + (2 - (-3 + -1 + 11)).
-5
Calculate -4 - (-7 + 3 + 0) - -2.
2
What is the value of 0 - -1 - 1 - (11 - 15)?
4
What is 1 - (6 + (4 - 7 - 2))?
0
What is the value of -1 + -2 + -4 - 2 - -4?
-5
5 + -5 + -4 + 1
-3
Evaluate -6 - ((-4 - 3) + 4).
-3
What is the value of (33 - 35) + (0 - 5) + 1?
-6
Evaluate 6 + -7 - (1 + -6).
4
Calculate -2 - (-2 + -1 + (0 - -2)).
-1
Calculate -14 + 6 + 1 + 2 + 3.
-2
Calculate 1 - -1 - (6 - (9 - 0)).
5
What is the value of 2 + (5 - (-5 - -8))?
4
What is the value of 0 + (1 - 2) - (-3 + 7)?
-5
(-2 - -4 - -2) + (-11 - -3)
-4
4 + -1 - (-4 - -7)
0
What is the value of 1 + 1 - (7 + -10 + 7)?
-2
-1 - 5 - (0 - 4)
-2
What is the value of (0 - 0) + 15 + -9?
6
Evaluate 4 + 1 + 0 + -9.
-4
What is the value of (-2 - -2 - -3) + (-10 - -3)?
-4
What is (0 - (-4 + -2)) + -1 + -2?
3
Calculate -6 + 4 - 4 - (-5 - -2).
-3
-7 - (0 - (1 + 1 + 1))
-4
What is the value of 0 + 7 + -9 + 1?
-1
-6 - (3 - 15) - 7
-1
1 + -2 + -1 - (27 - 31)
2
Evaluate 16 - (-16 + 14 + 12).
6
(11 - 1) + (-7 - 2)
1
What is -3 - (-2 - 2 - -5)?
-4
What is the value of (-18 - -25 - (0 - -1)) + -13?
-7
What is -3 - (-8 + 1) - (-14 + 14)?
4
-4 + (0 - 5 - (-2 - 10))
3
Evaluate 1 - 0 - (3 + -4 - 0).
2
-32 + 26 + 1 + 3
-2
Evaluate -7 + -1 - (-6 - -7 - 5).
-4
Calculate 5 + -11 + 15 + -3.
6
3 - (10 - 12) - -2
7
Calculate (5 - (-5 - -4)) + -7.
-1
-40 - -56 - (10 + -2)
8
What is -2 + 3 - (2 + 1)?
-2
What is (-3 - -4) + 21 + -17?
